) to base 6
-123201100
-543942 (base 12) to base 16
-145982
What is -1221212211222 (base 3) in base 16?
-fe207
Convert -b4d59 (base 14) to base 4.
-1222133103
Convert -303100213 (base 4) to base 9.
-350007
-5288a0 (base 13) to base 10
-1932645
What is 10000011110001111 (base 2) in base 11?
46768
What is 1d38580 (base 14) in base 11?
8302a25
What is -22201001210 (base 3) in base 16?
-29d63
-1d46 (base 15) to base 6
-45250
Convert 234830 (base 9) to base 15.
2bd4c
Convert 1665298 (base 14) to base 7.
162336351
What is -270615 (base 8) in base 7?
-542550
9da3b (base 16) to base 3
1012210201111
11110313313 (base 4) to base 7
14603412
What is 30a6a3a (base 11) in base 10?
5470332
157915 (base 10) to base 13
56b54
What is -1111532 (base 6) in base 14?
-16664
What is 122309 (base 10) in base 4?
131313011
3e6e68 (base 15) to base 11
1776813
-451787 (base 16) to base 14
-85c211
What is 7245273 (base 8) in base 14?
37d839
Convert -111424151 (base 6) to base 8.
-7622003
Convert -115101 (base 7) to base 3.
-1001202210
Convert -121023202101 (base 4) to base 9.
-13370586
3344982 (base 10) to base 14
631034
112345 (base 9) to base 10
67352
950b1 (base 14) to base 3
200021022020
10001112000121 (base 3) to base 7
16543234
Convert 18a1074 (base 11) to base 5.
1310122131
Convert 50872 (base 9) to base 13.
12344
-16155354 (base 8) to base 6
-211510140
What is 135496 (base 10) in base 7?
1103014
Convert 7651669 (base 11) to base 8.
63217012
Convert 10030100 (base 5) to base 14.
21241
Convert -436723 (base 13) to base 3.
-2222112112221
What is -4653a (base 12) in base 4?
-112331332
-26bca2 (base 14) to base 7
-14244162
11001000111100111110011 (base 2) to base 15
8a10ce
Convert 769a6 (base 13) to base 10.
214766
What is -842a17 (base 13) in base 16?
-2f2904
-41623 (base 12) to base 10
-85563
What is -d1c111 (base 14) in base 8?
-32743343
What is 1156621 (base 9) in base 6?
21244114
What is 177b44b (base 13) in base 11?
4356096
Convert -499949 (base 10) to base 15.
-9d1ee
Convert -762986 (base 10) to base 8.
-2722152
Convert -1809a4 (base 11) to base 8.
-1041526
11223555 (base 6) to base 12
147bbb
Convert 44788 (base 9) to base 6.
345555
Convert 742d (base 15) to base 10.
24568
40027 (base 15) to base 8
613451
What is 855548 (base 9) in base 13?
14aa73
What is -99106 (base 15) in base 8?
-1665527
What is -198748 (base 12) in base 16?
-6df28
-101111010101111100 (base 2) to base 9
-325002
-80737 (base 15) to base 13
-113110
Convert -1361722 (base 11) to base 5.
-1100013022
What is -1250154 (base 6) in base 7?
-404314
100035 (base 9) to base 16
e6c9
Convert 11100011000010100011 (base 2) to base 14.
1a2c95
-76920 (base 14) to base 16
-461c0
What is -23a97 (base 14) in base 3?
-11102120001
Convert -bc35 (base 16) to base 6.
-1011021
Convert -610c28 (base 16) to base 2.
-11000010000110000101000
-10100011101010000111 (base 2) to base 6
-22211235
1170187 (base 11) to base 9
3741831
What is -14211301 (base 5) in base 4?
-210003311
Convert -4412535 (base 7) to base 16.
-841fe
207467 (base 8) to base 6
1253235
21244522 (base 7) to base 15
25b291
Convert 1104241511 (base 6) to base 11.
68325a1
Convert -2123123130 (base 4) to base 7.
-5261040
What is -21010020101 (base 3) in base 9?
-233211
2020102 (base 6) to base 9
155542
-1463102 (base 7) to base 8
-607253
What is 1232112421 (base 5) in base 10?
3004111
What is 2551a4 (base 14) in base 11?
7a6032
Convert -121d7 (base 15) to base 4.
-32013022
What is 1122112222210 (base 3) in base 7?
10311540
Convert -3034505 (base 6) to base 3.
-21100202212
What is 2122133323 (base 4) in base 13?
192070
-2135102 (base 7) to base 6
-5332402
Convert -100000001001011111110101 (base 2) to base 3.
-120212011100222
Convert 1234435 (base 7) to base 13.
57b14
-2460e1 (base 15) to base 11
-a8a634
What is -17ade8 (base 15) in base 2?
-100011000111010110011
Convert 31895 (base 15) to base 13.
56717
What is 26515174 (base 8) in base 9?
12150102
What is 7275133 (base 11) in base 3?
220010221122102
-505806 (base 9) to base 2
-1001001001000011000
Convert -100110001100010010110 (base 2) to base 6.
-42453514
-200232111023 (base 4) to base 15
-b46b1e
-17aeda (base 15) to base 14
-21d59d
Convert 218dfb (base 16) to base 13.
5bcc07
Convert 345145 (base 14) to base 2.
110110010110101111001
Convert -17a08a (base 12) to base 4.
-1210123222
Convert 89a19 (base 11) to base 5.
13132322
-2011020020200 (base 3) to base 12
-473360
Convert 3106532 (base 7) to base 11.
234605
What is -11556345 (base 7) in base 13?
-2a5193
What is -1014245 (base 7) in base 8?
-355321
-1302511 (base 8) to base 12
-155461
c67cd (base 15) to base 3
1011222112111
What is -343431221 (base 5) in base 2?
-101111001011001010011
Convert -252221024 (base 6) to base 13.
-1016c17
-1d2cd0 (base 14) to base 6
-34223050
What is 321355 (base 8) in base 14?
2b125
Convert 4102500 (base 8) to base 15.
165be3
What is -bcc7 (base 15) in base 4?
-21301030
Convert 1511ef (base 16) to base 9.
2534144
What is -3020303130 (base 5) in base 14?
-b2bbcb
What is 1020001012 (base 4) in base 11?
191696
What is -11012101212 (base 3) in base 11?
-57125
What is -110001101011101010100 (base 2) in base 8?
-6153524
-12022120 (base 6) to base 15
-76780
100000011010110111 (base 2) to base 3
20202011012
44465 (base 15) to base 7
1562432
What is -260273 (base 10) in base 8?
-774261
Convert 182618 (base 9) to base 5.
12112443
Convert 1001111000010001100010 (base 2) to base 9.
4776468
1124021 (base 6) to base 14
1715b
Convert 166235 (base 9) to base 2.
11001001001000111
-56005054 (base 7) to base 4
-102122010103
What is 100210113 (base 5) in base 7?
3243663
What is -a8852a (base 12) in base 2?
-1010001011100011110010
Convert 463122 (base 7) to base 5.
10121403
What is 386a0 (base 12) in base 2?
10010110011011000
Convert -11427771 (base 8) to base 4.
-21202333321
Convert 572780 (base 9) to base 5.
41441034
1110000101110111001 (base 2) to base 10
461753
-8016658 (base 10) to base 6
-443454054
What is 4100763 (base 9) in base 12?
894879
What is 573405 (base 8) in base 12?
94545
Convert -21a3717 (base 11) to base 6.
-214345133
What is 23a8a (base 15) in base 14?
2d655
Convert 120a36 (base 13) to base 5.
102231100
What is -20201210122 (base 3) in base 7?
-1061252
Convert 10650523 (base 7) to base 12.
392064
Convert 1111011110010001010010 (base 2) to base 12.
1437382
Convert -111001011110101001010 (base 2) to base 7.
-22003104
-10641615 (base 7) to base 5
-214402023
What is -401121202 (base 5) in base 6?
-53531113
-2c5acc (base 15) to base 9
-4030143
-1021102010101 (base 3) to base 14
-138bac
287a5b (base 13) to base 2
11110001010000111011
-166105601 (base 7) to base 11
-64a811a
-2aa37 (base 13) to base 15
-18e38
What is 9325a (base 16) in base 9?
1117682
What is -401b0a (base 15) in base 12?
-1029254
What is -9132326 (base 11) in base 8?
-75473014
Convert 3342433 (base 5) to base 11.
40464
What is -44041141 (base 6) in base 13?
-36c13c
Convert -4332243 (base 6) to base 8.
-642543
20022221022 (base 3) to base 11
85695
1010231321102 (base 4) to base 3
1020220012020222
What is -2023010312 (base 4) in base 11?
-359a98
What is 3113014330 (base 5) in base 6?
344355303
1131124414 (base 5) to base 11
1515516
Convert -2233202000 (base 4) to base 13.
-1c233b
Convert 1841445 (base 10) to base 15.
265930
101100020303 (base 4) to base 16
450233
Convert -2b2548 (base 12) to base 7.
-6130154
Convert -10103030212 (base 4) to base 8.
-4231446
205955 (base 10) to base 5
23042310
-525603 (base 9) to base 15
-628d6
-111012112000001 (base 3) to base 15
-93933a
-29744 (base 10) to base 9
-44718
What is -3202201233 (base 5) in base 9?
-13507833
Convert 54daa1 (base 15) to base 5.
2013430101
What is -10131233 (base 4) in base 13?
-8429
Convert -1220440220 (base 5) to base 16.
-2c5655
What is 11616135 (base 7) in base 16?
ff828
289b2 (base 12) to base 8
156626
What is -1010000011110110010101 (base 2) in base 10?
-2637205
-1320201122 (base 4) to base 7
-4124144
What is -36cac (base 13) in base 15?
-1ee0a
-5b8cd (base 16) to base 13
-1018b4
Convert 21312 (base 5) to base 15.
672
What is -1122333 (base 8) in base 2?
-1001010010011011011
-102222211000 (base 4) to base 5
-2223033432
Convert 575828 (base 9) to base 10.
345491
300442313 (base 5) to base 15
186b73
Co